 the tens digit of y?
3
Let o(n) = 221*n + 4. Let d be o(1). Suppose -2*c + d = -125. What is the hundreds digit of c?
1
Let u = 456 - 159. What is the hundreds digit of u?
2
Let v(l) = -2*l**3 - 8*l**2 + 4*l - 7. Suppose -34*b + 30 = -39*b. What is the units digit of v(b)?
3
Let n(v) = v**3 - 3*v + 1. Let m be n(2). Suppose -5*f = m*x - 16, 12 = 3*f - 2*x + 5*x. Suppose -2*y = -f - 56. What is the tens digit of y?
2
Let w(z) = 38*z. Let g be w(4). Suppose 3*x - g = 10. Suppose 4*o + 10 = x. What is the tens digit of o?
1
Suppose -3112 = -2*l - 0*l + z, -z - 2 = 0. What is the hundreds digit of l?
5
Suppose -3*z + 4*c + 7816 = 0, -4*z + 12433 = -2*c + 2015. What is the units digit of z?
4
Let k = -40 - -42. What is the units digit of k + 197 - 5/(-1)?
4
Suppose -3*a + 63 = -93. Let n = a + -78. What is the tens digit of n*1/2*-1?
1
Suppose g + 3 = 0, 3*g + 28 = 5*l - 56. What is the units digit of l?
5
Let b(g) = 67*g + 70. What is the hundreds digit of b(21)?
4
Suppose 0 = -5*s - s + 12. Suppose 18 - s = i. What is the units digit of i?
6
Let b(t) = -62*t**3 + t**2 - 9*t - 19. What is the thousands digit of b(-3)?
1
What is the hundreds digit of 8*-166*(-2 + 4)/(-4)?
6
Let m(z) = -z**3 + 5*z**2 + 4*z. Let t be m(5). Suppose 0 = 2*q - 12 - 10. Let j = t - q. What is the units digit of j?
9
Let p(t) = -t**2 - 12*t - 22. Let f be p(-9). Suppose 3*k + 79 = f*k + 5*r, 4*k + 3*r = 137. What is the units digit of k?
2
Let u = -76 - -45. Let p = 56 - u. What is the units digit of p?
7
Suppose 2*z - 454 = 4*v, -5*z + 0*v = -v - 1108. What is the hundreds digit of z?
2
Let i(q) = -107*q - 238. What is the hundreds digit of i(-28)?
7
Let l(r) = -r**2 + 8*r. Let p be l(9). Let o = 14 + p. Suppose -5*d + o = 2*g - 49, -5*d + 42 = -4*g. What is the tens digit of d?
1
Let l(z) = -z**3 + 30*z**2 + 6*z - 35. What is the tens digit of l(30)?
4
Let f = 7675 - 3474. What is the units digit of f?
1
Let g(z) = -5*z - 1. Let p(k) = 15*k + 3. Let d(l) = -17*g(l) - 6*p(l). What is the tens digit of d(-8)?
3
Let i(f) = -1379*f**3 + f**2 + 7*f + 7. What is the tens digit of i(-1)?
8
Let y be 2 + (-322)/(-3) - 4/12. Let m = y - 76. What is the units digit of m?
3
Let x(s) = 7*s**3 + 8*s**2 - 25*s + 5. What is the tens digit of x(5)?
5
Suppose -9*p + 3732 = -3*p. What is the hundreds digit of p?
6
Suppose -1 = -p + 3. Suppose -p*a = -6*a + 238. What is the hundreds digit of a?
1
Suppose 11086 = 8*z + 1622. What is the thousands digit of z?
1
Suppose -v - 23 = -u, 3*v - 31 = 43*u - 45*u. What is the units digit of u?
0
Suppose 10974 = 6*m + 3630. What is the thousands digit of m?
1
What is the thousands digit of ((14 - 6)/8)/(2/4676)?
2
Suppose 19*q - 708 = 22*q. Let d = q + 399. What is the hundreds digit of d?
1
Let j = 441 - 242. What is the tens digit of j?
9
Let a(h) = -h**2 - 28*h - 22. Let d be a(-27). Let i(j) = -10 - j + 6*j**2 + 6*j - 5*j**2. What is the units digit of i(d)?
0
Let s(r) = 36*r**3 - 5*r**2 - 3. What is the hundreds digit of s(2)?
2
Let r be 13/(-2) + 1/2. Let a(u) = 13 + 5 - 23 + 12 + 5 - u. What is the units digit of a(r)?
8
Let q(i) = -8*i + i**2 - 4*i + 4*i - 2*i - 10. Let p(t) = -3*t**3 - 3*t**2 - t + 1. Let d be p(-2). What is the units digit of q(d)?
5
Suppose 4 = -4*t - 32. Let p = 9 + t. Suppose -x - x + 32 = p. What is the tens digit of x?
1
Let o(g) = 74*g**2 + 22*g - 106. What is the tens digit of o(4)?
6
Let u(y) = y + 6. Let b be u(-6). Let a(o) be the second derivative of o**3/6 + 5*o**2/2 + 11*o. What is the units digit of a(b)?
5
Let o(n) = 4*n - 29. Let b be o(-6). Suppose 5*m - 9 = -k + 60, 0 = -k - 2*m + 72. Let p = b + k. What is the tens digit of p?
2
What is the units digit of 12/((-12)/3) - -75?
2
What is the units digit of (-10)/(-12) + (-246)/36 + 948?
2
Suppose -5*t + 490 + 60 = 0. Let s = 41 - t. Let i = 131 + s. What is the units digit of i?
2
Let w = 28 - 22. Suppose -2*q - 5*y + 26 = 0, -2*q + 2*y = -y + 6. What is the units digit of w - (12/q)/(-2)?
8
Suppose -l = -4*h + 1 + 1, -4*h = -2*l. Suppose 0 = -2*m - 7*m + 162. Let z = m - l. What is the units digit of z?
6
Let z(a) = -2*a**2 - 28*a - 8. Let q be z(-13). Let d = q - -83. What is the units digit of d?
1
Suppose u + i = 6, -i - 4*i = -u. Suppose -5*o = -2*o - u*x - 205, 268 = 4*o - 4*x. What is the tens digit of o?
6
Suppose 0*m = 6*m. Suppose 6*b - 4*b = m. Suppose b*k + o - 93 = -2*k, 5*o + 111 = 2*k. What is the tens digit of k?
4
Let q(c) = -14*c**3 - 7*c**2 + 6*c + 41. What is the units digit of q(-5)?
6
Suppose 2*a - 4054 = y, 5*a + 2*y + 0*y = 10153. What is the hundreds digit of a?
0
Suppose -622*b = -612*b - 17710. What is the units digit of b?
1
Suppose -q - 3*q + 4*b - 284 = 0, 2*q - 4*b = -132. Let v = -74 - q. What is the units digit of v?
2
Suppose -4*k - 3 - 5 = 0. Let y be -3 - (-13 + (2 - k)). What is the units digit of ((-46)/(-3))/(y/9)?
3
Let y(f) = -f - 1. Let u be y(-5). Suppose 2*h - 18 = 2*x + 3*h, 0 = -u*x + 3*h - 16. What is the units digit of -5*(x + 2 + 1)?
0
Let i be (-38)/(-2) - (7 - 5). Suppose 11*z - i*z + 1128 = 0. What is the hundreds digit of z?
1
Suppose -5*h + 755 = 5*y, -h - 5*y = 2*h - 445. Suppose 0 = -13*v + 8*v + h. What is the tens digit of v?
3
Let p be (-2608)/(-12) + 2/(-6) + 0. Suppose -21 = 4*q - p. What is the units digit of q?
9
Suppose 2*y = r + 16, r + 2*r + 4*y = 2. What is the units digit of r*4/8 + 42 + 1?
0
Let g be (0 - 0)/(-4 + 5). Suppose 4*y + 2*w - 120 = g, -4*w + w + 84 = 3*y. Suppose -3*i - y = -134. What is the tens digit of i?
3
Let n = 878 - -39. What is the units digit of n?
7
Let m(u) = -4 - 11*u + 2 + 0 + 7 - u**2. Let x be m(-10). Suppose -x = -5*s - 0*s, s - 12 = -i. What is the units digit of i?
9
Let o = -3 + -4. Let h = 14 + o. Suppose h = k - 0*k. What is the units digit of k?
7
Let l = 214 - 203. Let o(h) = 3*h - 1. Let g(v) = -v - 1. Let f(p) = -6*g(p) - o(p). What is the tens digit of f(l)?
4
Suppose 0 = 3*z - 7*y + 8*y - 2936, -3*y + 984 = z. What is the hundreds digit of z?
9
Suppose -16009 = -5*c + 3*f, 3*c - 5208 - 4405 = -2*f. What is the thousands digit of c?
3
Suppose -2*m = 2*f - 69 - 25, 3*f + 117 = 3*m. Suppose 4*h = 5*v + 3*h - 188, 0 = -v + 2*h + m. What is the tens digit of v?
3
Let j = 2090 + -13. What is the tens digit of j?
7
Let g(n) = 15*n. Let y be g(1). Let h = 72 - y. What is the tens digit of h?
5
Suppose 3*k = 4*t + 278, -4*k + 402 = -4*t + 34. What is the tens digit of k?
9
Let f be (-626 + 0)*-4*(-21)/(-56). Suppose 0 = 2*w + 5*h - 459, -2*h = 4*w + h - f. What is the units digit of w?
7
Let s be -2*-2*1/4. Let o(c) = 3*c + 1. Let g be o(s). Suppose 2*v + g*a = -v + 47, 4*v = -a + 54. What is the units digit of v?
3
Let t be 7 - ((2 - -3) + -1). Suppose 5*c + 4*k = k + 571, t*c - 329 = 5*k. What is the units digit of c?
3
Suppose 6*p = p - 5. Let a be (-179)/(-2) - p/2. Suppose 0*q = -q + 5*c + 30, -4*q + a = -5*c. What is the tens digit of q?
2
Let r(g) = g - 1. Suppose 11 = l + 6. Let f be r(l). Suppose 0 = f*z - 69 - 11. What is the tens digit of z?
2
Let x be 3/(((-18)/27)/((-8)/9)). Let d = x + 18. What is the tens digit of d?
2
Let u be (3 - (5 + -1))*1. Let g be (-27)/6*(5 - u). Let k = -14 - g. What is the units digit of k?
3
Suppose -48*n + 56*n = 216. What is the units digit of n?
7
Let u = -807 + 1512. What is the units digit of u?
5
Suppose 0*b + 4*b = -2*s - 126, s - 154 = 5*b. Let a = b - -25. Let c = -3 - a. What is the units digit of c?
3
Let x(z) be the first derivative of -z**2 + 3*z - 4. Let g be x(-3). Suppose g*i - 24 = 6*i. What is the units digit of i?
8
Suppose 0 = -g - 4*a + 128, -600 + 35 = -5*g + 5*a. What is the hundreds digit of g?
1
Let y(h) = -70*h**3 + h**2. Let p = -42 + 41. What is the tens digit of y(p)?
7
Suppose 760 = 2*n + 4*r, -9*r - 1512 = -4*n - 13*r. What is the hundreds digit of n?
3
Suppose i - 5*i + 9112 = 3*n, 2*n + 3*i = 6075. What is the hundreds digit of n?
0
Suppose 0 = r, -3*p = 3*r - 17 + 965. Let o = -189 - p. What is the tens digit of o?
2
Suppose d + 304 = 2*d. Suppose -5*w + 9*w + d = 0. What is the tens digit of ((-9)/(-6))/((-6)/w)?
1
Suppose -50*z + 65*z - 48540 = 0. What is the thousands digit of z?
3
Suppose 8*t = 24*t. Suppose 0 = p + p - 6. Suppose -1 = 2*a - p*u, t*a - a + 2*u = 1. What is t